?
4
What is the ten thousands digit of 6640071?
4
What is the hundred thousands digit of 495420?
4
What is the units digit of 1003319?
9
What is the millions digit of 21207828?
1
What is the tens digit of 1461976?
7
What is the hundred thousands digit of 7029070?
0
What is the tens digit of 157499?
9
What is the hundred thousands digit of 14448007?
4
What is the units digit of 3264488?
8
What is the ten thousands digit of 554660?
5
What is the hundred thousands digit of 2138224?
1
What is the tens digit of 15031889?
8
What is the tens digit of 8641577?
7
What is the hundreds digit of 6875835?
8
What is the thousands digit of 13752545?
2
What is the ten thousands digit of 7908793?
0
What is the hundred thousands digit of 104938?
1
What is the thousands digit of 256957?
6
What is the hundred thousands digit of 3869851?
8
What is the tens digit of 16452023?
2
What is the thousands digit of 148488?
8
What is the ten thousands digit of 4569378?
6
What is the tens digit of 1459944?
4
What is the thousands digit of 436488?
6
What is the units digit of 1274799?
9
What is the tens digit of 223203?
0
What is the ten millions digit of 19227836?
1
What is the thousands digit of 10129579?
9
What is the tens digit of 469544?
4
What is the hundreds digit of 6877091?
0
What is the thousands digit of 582365?
2
What is the hundreds digit of 449145?
1
What is the millions digit of 23908964?
3
What is the ten millions digit of 34244209?
3
What is the units digit of 538696?
6
What is the thousands digit of 2246253?
6
What is the units digit of 562769?
9
What is the tens digit of 14378105?
0
What is the millions digit of 1015757?
1
What is the tens digit of 5851837?
3
What is the hundred thousands digit of 1753104?
7
What is the hundreds digit of 1302103?
1
What is the thousands digit of 4432698?
2
What is the thousands digit of 829787?
9
What is the hundreds digit of 7638097?
0
What is the tens digit of 360261?
6
What is the hundreds digit of 276935?
9
What is the thousands digit of 693893?
3
What is the ten thousands digit of 2840676?
4
What is the thousands digit of 112664?
2
What is the hundred thousands digit of 19645347?
6
What is the tens digit of 311263?
6
What is the ten thousands digit of 190536?
9
What is the tens digit of 428869?
6
What is the ten thousands digit of 72341?
7
What is the tens digit of 1790146?
4
What is the thousands digit of 464540?
4
What is the ten thousands digit of 4641202?
4
What is the units digit of 894304?
4
What is the units digit of 111877?
7
What is the hundreds digit of 2006173?
1
What is the tens digit of 2883125?
2
What is the millions digit of 43370238?
3
What is the millions digit of 8829584?
8
What is the hundred thousands digit of 375540?
3
What is the thousands digit of 5734616?
4
What is the tens digit of 2674703?
0
What is the units digit of 64905?
5
What is the thousands digit of 16107684?
7
What is the units digit of 440664?
4
What is the hundreds digit of 398988?
9
What is the thousands digit of 221919?
1
What is the hundreds digit of 147279?
2
What is the ten thousands digit of 1778779?
7
What is the units digit of 12403948?
8
What is the units digit of 750560?
0
What is the hundred thousands digit of 12494501?
4
What is the thousands digit of 9833347?
3
What is the tens digit of 915395?
9
What is the units digit of 3007084?
4
What is the hundreds digit of 691119?
1
What is the hundred thousands digit of 18207980?
2
What is the ten thousands digit of 140641?
4
What is the thousands digit of 860410?
0
What is the ten thousands digit of 4497120?
9
What is the millions digit of 2090258?
2
What is the units digit of 28578511?
1
What is the hundreds digit of 15168923?
9
What is the tens digit of 1583883?
8
What is the hundred thousands digit of 368954?
3
What is the hundred thousands digit of 630996?
6
What is the hundred thousands digit of 7560861?
5
What is the thousands digit of 2804660?
4
What is the units digit of 509881?
1
What is the thousands digit of 269095?
9
What is the ten millions digit of 11284786?
1
What is the thousands digit of 967136?
7
What is the millions digit of 1263235?
1
What is the hundred thousands digit of 299787?
2
What is the hundred thousands digit of 254754?
2
What is the ten thousands digit of 1743728?
4
What is the ten thousands digit of 437537?
3
What is the tens digit of 5886674?
7
What is the ten thousands digit of 4933514?
3
What is the tens digit of 311778?
7
What is the units digit of 1082740?
0
What is the hundred thousands digit of 378652?
3
What is the thousands digit of 1354243?
4
What is the ten thousands digit of 964322?
6
What is the hundreds digit of 17055?
0
What is the tens digit of 347704?
0
What is the tens digit of 92450?
5
What is the units digit of 18787650?
0
What is the units digit of 1325528?
8
What is the tens digit of 4918817?
1
What is the units digit of 623245?
5
What is the hundreds digit of 4674443?
4
What is the tens digit of 1795256?
5
What is the thousands digit of 1497356?
7
What is the thousands digit of 3495769?
5
What is the thousands digit of 585504?
5
What is the hundred thousands digit of 5021886?
0
What is the hundred thousands digit of 208048?
2
What is the hundreds digit of 119591?
5
What is the hundred thousands digit of 1496761?
4
What is the thousands digit of 9929265?
9
What is the tens digit of 275121?
2
What is the thousands digit of 232663?
2
What is the tens digit of 6407?
0
What is the thousands digit of 6867766?
7
What is the ten thousands digit of 30504118?
0
What is the tens digit of 55531?
3
What is the units digit of 22313027?
7
What is the thousands digit of 916333?
6
What is the ten thousands digit of 1395642?
9
What is the thousands digit of 1130061?
0
What is the thousands digit of 901980?
1
What is the hundreds digit of 93088?
0
What is the ten thousands digit of 306755?
0
What is the hundreds digit of 15530254?
2
What is the tens digit of 836337?
3
What is the hundreds digit of 8170427?
4
What is the hundreds digit of 3131241?
2
What is the hundreds digit of 6529800?
8
What is the tens digit of 2281?
8
What is the thousands digit of 21856932?
6
What is the thousands digit of 771334?
1
What is the thousands digit of 14088726?
8
What is the thousands digit of 2124420?
4
What is the hundred thousands digit of 3857312?
8
What is the millions digit of 4202101?
4
What is the tens digit of 165887?
8
What is the units digit of 3905697?
7
What is the hundred thousands digit of 6183443?
1
What is the hundred thousands digit of 222108?
2
What is the thousands digit of 200635?
0
What is the hundreds digit of 453735?
7
What is the hundred thousands digit of 1051427?
0
What is the units digit of 292497?
7
What is the thousands digit of 549798?
9
What is the millions digit of 6855558?
6
What is the hundreds digit of 5420596?
5
What is the ten thousands digit of 671141?
7
What is the millions digit of 2770422?
2
What is the hundred thousands digit of 2317005?
3
What is the hundreds digit of 1677050?
0
What is the thousands digit of 24625813?
5
What is the ten thousands digit of 956741?
5
What is the hundreds digit of 299429?
4
What is the units digit of 4373006?
6
What is the units digit of 1522030?
0
What is the millions digit of 9809156?
9
What is the hundred thousands digit of 412440?
4
What is the thousands digit of 7120839?
0
What is the hundreds digit of 288309?
3
What is the ten thousands digit of 7021896?
2
What is the tens digit of 21355?
5
What is the units digit of 9556234?
4
What is the ten thousands digit of 448839?
4
What is the tens digit of 3344745?
4
What is the millions digit of 5584326?
5
What is the ten thousands digit of 1501882?
0
What is the hundred thousands digit of 706483?
7
What is the ten thousands digit of 2130965?
3
What is the hundreds digit of 463915?
9
What is the hundreds digit of 8692733?
7
What is the ten thousands digit of 5928454?
2
What is the hundred thousands digit of 4135765?
1
What is the units digit of 3960090?
0
What is the thousands digit of 1180233?
0
What is the thousands digit of 370536?
0
What is the units digit of 4526922?
2
What is the hundreds digit of 22581595?
5
What is the thousands digit of 917335?
7
What is the hundreds digit of 6680136?
1
What is the ten thousands digit of 97